k/(-15)*(-19 + h).
2
Suppose 7*b - 3*j + 205 = 11*b, -4*j = -2*b + 130. List the prime factors of b.
5, 11
Suppose 0 = -4*z + 1501 + 1047. What are the prime factors of z?
7, 13
What are the prime factors of (2032/(-12))/((-16)/12)?
127
Let v = 1820 - 832. What are the prime factors of v?
2, 13, 19
Let p = 78 - 81. Let l(h) = 2 - 3*h + 2 - 3. List the prime factors of l(p).
2, 5
Suppose 4*j - 240 = -4*b, -4*j + 3*b = -2*b - 240. Let d be ((-36)/3)/3 + 31. Let t = j - d. What are the prime factors of t?
3, 11
Let m be ((-42)/7)/(0 - 1). Suppose 0 = m*f - f + 4*r - 1164, -4 = r. What are the prime factors of f?
2, 59
What are the prime factors of 1269 - (-7)/(49/(-42))?
3, 421
Let k(g) = 5645*g**2 - 138*g + 139. What are the prime factors of k(1)?
2, 3, 941
Suppose -5*p + 761 + 116 = j, -4*p - 20 = 0. List the prime factors of j.
2, 11, 41
Let v(t) = t**2 - 3*t. Suppose -5*h + 12 = -h. Let x be v(h). What are the prime factors of 1 - (-24 - (x + -3))?
2, 11
Suppose 0*y - 327 = -3*o - 3*y, o - 99 = 4*y. Suppose o - 14 = -3*f. Let v = 52 + f. List the prime factors of v.
3, 7
Let f be (-4)/(-3) - 26/(-39). Suppose h = f*h. Suppose -k + 4*i = -47, -4*k - 4*i + 6*i + 216 = h. List the prime factors of k.
5, 11
Let a = 1169 + -759. What are the prime factors of a?
2, 5, 41
Let s(h) = h**2 + h. Let b(n) = -9*n**2 - 8*n + 1. Let j(o) = 6*b(o) + 51*s(o). Let x be j(4). Let l = x - -73. What are the prime factors of l?
43
Let n(z) = 8*z**2 - 32*z + 51. What are the prime factors of n(-16)?
7, 373
Let j = 5 - 5. Let m(f) = -9*f + 2*f**2 + 1 - f**2 + 3 + 8*f. List the prime factors of m(j).
2
Suppose 0*f - 2*f = -2. List the prime factors of 151 - f/(-3)*-12.
3, 7
Suppose 6*r + 6 = 30. Suppose x = 5*w - 59, w - 2*x - 63 = -r*w. Let y(j) = -2*j**2 + 25*j + 10. What are the prime factors of y(w)?
43
Suppose 3*f - 1652 = 886. What are the prime factors of f?
2, 3, 47
Suppose 2*a = -54 + 16. Let z = a - -121. What are the prime factors of z?
2, 3, 17
Suppose 45 = -10*r + 11*r. Suppose 16 = -2*n - 5*w, w = -4*n + n + 2. What are the prime factors of (-12)/n*(-390)/r?
2, 13
Suppose 42 = 3*m + 3. Let f be (0 - -1)/(m/65). Suppose 0 = -c + f*c - 112. List the prime factors of c.
2, 7
Let x = -87 - -94. What are the prime factors of ((-10)/x)/(2/(-7))?
5
Let u = 1070 - 744. Suppose -10*a + u = -464. List the prime factors of a.
79
List the prime factors of -1 - 8 - -19 - -613.
7, 89
List the prime factors of (10/(-20))/((-4)/3824).
2, 239
Let l(z) = 3*z - 10. Let a be ((-9)/6)/((-3)/12). Let h be l(a). Suppose 0 = -h*q + q + 49. List the prime factors of q.
7
Let z be (0 + -85 + 0)/(-1). Let l = z - 46. List the prime factors of l.
3, 13
Let m(x) be the first derivative of 2*x**3/3 + 9*x**2/2 + 4*x - 1. Let o be m(-8). Suppose -3*j + 42 = -o. What are the prime factors of j?
2, 17
Let z(k) = -k**3 - 11*k**2 - 20*k - 12. What are the prime factors of z(-10)?
2, 11
List the prime factors of 1528 - (-18 + 10 + 7).
11, 139
Let y = 41 - 41. List the prime factors of (y - 159/(-6)) + (-6)/12.
2, 13
Let y(j) = -842*j + 120. What are the prime factors of y(-4)?
2, 109
Let z = 279 - 263. Let d(k) = k**2 + 18*k - 20. Let s(c) = -2*c**2 - 18*c + 21. Let o(b) = 3*d(b) + 2*s(b). What are the prime factors of o(z)?
2, 7
Let b be 1/(-3)*(8 + -17). Suppose 0 = -2*g - b*g - 4*a + 178, -g - 3*a + 40 = 0. What are the prime factors of g?
2, 17
Suppose h + 16 = -11. List the prime factors of (-1248)/h + 4/(-18).
2, 23
Suppose -3*t = 4*a - 189, -2*t + 2*a + 53 = -73. Let i = t - 13. List the prime factors of i.
2, 5
Let y = -748 - -1766. What are the prime factors of y?
2, 509
List the prime factors of 6970/(-15)*-3 + -2 + -2.
2, 5, 139
Let g(x) be the third derivative of 5*x**5/6 - x**4/24 + x**3/6 + 3*x**2. Let k be g(1). Suppose 0*p = -2*p + k. What are the prime factors of p?
5
Suppose -2597 + 22547 = 50*v. What are the prime factors of v?
3, 7, 19
Let z be -3 - 10/6*-3. Suppose 5*w = -f + 3*w - 5, -z = f + 3*w. List the prime factors of (f/(-2))/((-9)/(-18)).
11
Suppose 10*n = 187 - 47. List the prime factors of 561/6 - 21/n.
2, 23
Let c(n) = 20*n**2 - 6*n - 19. List the prime factors of c(6).
5, 7, 19
Let l(p) = p**3 - 8*p**2 + 3*p - 17. Let g be l(8). Let w(z) = g*z + 8*z**2 + 10 - z**3 - 9 - 11. List the prime factors of w(8).
2, 23
Let k(d) = -562*d - 170. What are the prime factors of k(-2)?
2, 3, 53
Let y = -20 + 21. List the prime factors of 16 + 23 - (-1 + y + 0).
3, 13
Suppose -4*d = -2*j + 174, -2*j - j + 221 = 4*d. List the prime factors of j.
79
Let v be (-135)/10*(-28)/6. Let u = 160 - v. What are the prime factors of u?
97
Let d = 376 + -208. Let b = d - 120. Suppose 0 = 6*q - 4*q - b. List the prime factors of q.
2, 3
Let c(b) = 10*b**2 - 14*b - 39. What are the prime factors of c(-15)?
3, 269
Let y = 29 - 32. Let v = y + 64. What are the prime factors of v?
61
Suppose -c = 2*s - 100, 5*s - 46 = -c + 198. Let h = s - -9. List the prime factors of h.
3, 19
Suppose t = 3*n - 165, -5*n + 284 = -4*t + 9. Suppose 2*x - n = 375. Suppose -2*b + 3*p + 44 + 61 = 0, 5*b + 2*p = x. What are the prime factors of b?
3, 5
Suppose 5*b + 1450 = 5*k, -3*k + 4*b - 285 = -4*k. List the prime factors of k.
17
Suppose c - q - 2323 = 0, -c - 51*q + 54*q = -2317. What are the prime factors of c?
2, 1163
Let t(q) = -q + 22. Let w be t(17). Let b(f) = -f + 9. Let l be b(w). What are the prime factors of 67 + (l - (9 + -1))?
3, 7
Suppose -5*b + 5512 = 3*g, -14*g - 2216 = -2*b - 18*g. List the prime factors of b.
2, 5, 11
Let u = 969 + -360. Let n = u + -417. List the prime factors of n.
2, 3
List the prime factors of (-8)/(-4) - 0/(-3) - -1709.
29, 59
Let n(d) = 7*d + 33. Let g(r) = 22*r + 98. Let m(p) = -3*g(p) + 10*n(p). What are the prime factors of m(0)?
2, 3
Let i(w) = w**3 + 3*w**2 + 1395. What are the prime factors of i(0)?
3, 5, 31
What are the prime factors of 172 - (-7 - (-16 - -11))?
2, 3, 29
Let c = 9 + 13. Suppose 2*d + c = -5*t, -9 = -0*d - 3*d + 3*t. Let u(j) = -21*j - 1. List the prime factors of u(d).
2, 5
Let q(v) = v**2 - v - 52. Let x be q(0). Suppose -3*y = -b + 297, -y - 3*b - 62 = 37. Let z = x - y. List the prime factors of z.
47
Suppose -6*d + 90 = -30. Let r = 151 + d. List the prime factors of r.
3, 19
Suppose w + 7 = 12. List the prime factors of ((-8)/w)/(16/(-480)).
2, 3
Let g(x) = -x**3 - 4*x**2 + 2*x + 4. Let v be g(-4). Let o be v/3*(-21)/(-2). What are the prime factors of ((-61)/(-2))/((-7)/o)?
61
Let a be 5*((-1395)/175 + 9/(-21)). Let p = a + 85. List the prime factors of p.
43
Suppose 5*r - 14*v - 1978 = -11*v, 0 = -3*r - 4*v + 1181. List the prime factors of r.
5, 79
Let i(r) = 0*r - 3*r + 2*r + 26. Suppose -2*g + 12 = -8. What are the prime factors of i(g)?
2
Let r(x) = -x**3 - 8*x**2 - 3*x + 1. Suppose 5*u - 43 = 2*y, y + 2*u + 32 = u. Let l be (-9)/12 - y/(-4). What are the prime factors of r(l)?
5
Suppose -11*s + 20*s = 666. List the prime factors of s.
2, 37
Let h(l) be the first derivative of 1 + 7*l + 1/3*l**3 + 7/2*l**2. What are the prime factors of h(-8)?
3, 5
Suppose 3*x + 0*x - 2*s = 443, -3*x + 437 = -5*s. List the prime factors of x.
149
Let t(x) = -x**3 - x**2 + 2*x + 2. Let g be t(-7). Let k = g - 140. What are the prime factors of k/3 + 7/(-21)?
47
Suppose -3*r + 3*j + 1893 = 672, r + 3*j = 399. List the prime factors of r.
3, 5
Let o = 58 + -58. Suppose -219 = -o*z - 3*z - w, -2*w = z - 68. What are the prime factors of z?
2, 37
Let g = 2615 - 1813. List the prime factors of g.
2, 401
Suppose -5*u = -69*b + 65*b - 1394, 1140 = 4*u + 3*b. List the prime factors of u.
2, 3, 47
Suppose 4*t - 4*c = 4, -5*c - 1 = -3*t - 4. Suppose 2*q = -t*q - 54. Let i = 7 - q. What are the prime factors of i?
2
Suppose 13*c - 12*c = 104. Suppose -t + 5*d = -c, -4*t - 5*d + 291 = -0*d. List the prime factors of t.
79
Let x = 27 + -80. Let y = 4 - x. List the prime factors of y.
3, 19
List the prime factors of 5/(40/1596)*18/27.
7, 19
Suppose -28 + 8 = 5*j, i + 4*j = -41. Let s = -26 - i. List the prime factors of (4 - (s + -4))*1.
3
Let o(z) = -z**3 - 6*z**2 + 6*z - 5. Let h be ((-2)/4)/((-3)/(-30)). Let g be o(h). Let k = -37 - g. List the prime factors of k.
23
Let d be (-1)/4 - 294/(-24). Let t = -33 + d. Let h = -16 - t. What are the prime factors